re the prime factors of x?
2, 11
Let c(f) = 2*f**2 + f + 2. Let u be c(-2). Suppose u = -0*v + 2*v. Suppose 0 = -v*m + 4 + 20. What are the prime factors of m?
2, 3
Let t(p) = 7*p - 18. What are the prime factors of t(15)?
3, 29
Let r be (4/(-12))/(1/(-9)). Let x = r + -1. What are the prime factors of x?
2
Suppose -5*p - 3*h = -455, 191 = 2*p + h + 2*h. What are the prime factors of p?
2, 11
Suppose -4*n + 44 = 4*u, -3*u + n + 8 = -5. List the prime factors of ((-20)/u)/(2/(-6)).
2, 5
Let b(g) = -4*g + 60. List the prime factors of b(0).
2, 3, 5
What are the prime factors of (-1 - -2)/(352/116 + -3)?
29
Let t = 230 + -96. What are the prime factors of t?
2, 67
Let f(y) = 2*y + 6*y - y - 1 - 2*y. Let g be f(-3). Let z = -9 - g. What are the prime factors of z?
7
Let u = 4 - 6. List the prime factors of u/(-6)*0 + 3.
3
Let a = -109 + 228. List the prime factors of a.
7, 17
Suppose -2*b - 5 = 7. Let h be 3/b + (-14)/(-4). List the prime factors of (-3)/(-1) + (3 - h).
3
Let m(w) = 9*w - 3. Let j(a) = -a**3 - 7*a**2 + a + 10. Let s be j(-7). What are the prime factors of m(s)?
2, 3
Suppose -c + 75 = 2*c. Let t = -1 + c. List the prime factors of t.
2, 3
Suppose -7*q - 48 = -8*q. List the prime factors of q.
2, 3
Suppose 123 = 5*k - 0*m - m, -2*k + 5*m + 63 = 0. Let g = 35 - k. What are the prime factors of g?
11
Let t(o) = o**2 + 2*o - 5. Let j be t(4). Suppose -3*g = -j + 1. Suppose -g*s = -2*s - 32. What are the prime factors of s?
2
Let x = 109 + 23. List the prime factors of x.
2, 3, 11
Suppose -4*s + 37 = -3*s + 2*p, 0 = 4*s + p - 183. What are the prime factors of s?
47
What are the prime factors of (-105)/(-4)*80/15?
2, 5, 7
Suppose 53 = -i - i - 5*a, -5*i = -4*a + 50. List the prime factors of i/(-3)*120/28.
2, 5
Suppose h + 2*b - 3 = 17, 2*h + 2*b = 36. What are the prime factors of h?
2
Let q be 30/4*(-8)/(-6). Let n be (-3)/(-15) + 268/q. Let a = -19 + n. List the prime factors of a.
2
Let z(p) be the third derivative of p**6/40 + p**5/30 - p**3/6 + p**2. Let h be z(1). Suppose h*d = 38 + 42. What are the prime factors of d?
2, 5
Suppose -1894 = -7*i + 493. List the prime factors of i.
11, 31
Let h = -5 - -5. Suppose h = 3*u - 2*j - 28, 5 = u + 2*j - 7. List the prime factors of u.
2, 5
What are the prime factors of (-2)/8 + 146/8?
2, 3
Suppose -5 + 4 = h - 3*k, 2*h - 6 = -2*k. Let i = h + 2. List the prime factors of i/(-12) - 40/(-3).
13
Let z be (-28)/21*(-30)/4. Suppose -3*c = 5*b - 22, 0 = 5*c - 0*c - 5*b - z. Suppose 3*o + c*j - 8 = -o, 5*j - 6 = -3*o. List the prime factors of o.
2
Let t = 69 + 84. List the prime factors of t.
3, 17
Let b(c) = -1. Let u(p) = -5*p - 3. Let x(r) = 5*b(r) - u(r). What are the prime factors of x(2)?
2
Suppose 0 = 3*n + 9, 0 = -4*x + 3*n - 7 + 24. Suppose x*u = 19 + 3. List the prime factors of u.
11
Suppose 5*x - 7 = -2. What are the prime factors of 0 + x*15 - 1?
2, 7
Let g = 28 - 25. Suppose g*v = 142 + 17. List the prime factors of v.
53
Let g = -178 - -386. What are the prime factors of g?
2, 13
What are the prime factors of 2 - (-11)/((-11)/(-186))?
2, 47
Suppose -3*t = -5*u - 0*u + 8, 3*u = t + 4. Let o(b) = -3*b**3 - 2*b**2 - 2*b - 1. Let w be o(t). List the prime factors of (-12)/(-8) + 1/w.
2
Let t be (-8)/6*3/(-2). Let o(f) = -f + f**t + f + 3. List the prime factors of o(-3).
2, 3
List the prime factors of 144/10*120/36.
2, 3
Let v(y) = 2*y + 1. Let p be v(1). Suppose -34 = -p*l + 14. List the prime factors of l.
2
Suppose -4*f - 2*z - 82 = 0, -34 + 10 = f + 4*z. Let q = -7 - f. What are the prime factors of q - -2*(-1)/2?
2, 3
Let d(l) = -l**2 + 9*l + 6. Let t be d(6). Suppose 2*r - 48 - t = 0. List the prime factors of r.
2, 3
Let k = -36 - -57. List the prime factors of k.
3, 7
Let p = -5 - -2. List the prime factors of p*3/(-18)*8.
2
Let y = -45 - -69. What are the prime factors of y?
2, 3
Let s = 34 + -20. Suppose -y = -s - 12. List the prime factors of y.
2, 13
Let t = -9 - -21. What are the prime factors of t?
2, 3
Let z be (0 - -1)/(2/16). Let k(n) = 2*n + 1. Let u be k(-3). Let x = z + u. List the prime factors of x.
3
List the prime factors of (-2)/(-5) - (-6560)/100.
2, 3, 11
Suppose -4*b - l = 3*l - 88, -5*b = 3*l - 102. Suppose 23*z - b*z - 165 = 0. List the prime factors of z.
3, 11
Let q be 10 - (-4 + 2)/1. Suppose -s + q = -5*o, -2*o = 4*s - 37 - 11. List the prime factors of s.
2, 3
Suppose -3*c - 18 = 3. Let r(d) = -51 + 41 + d**2 - 2*d**2 - 10*d. What are the prime factors of r(c)?
11
Let f(b) = -b**2 + 5*b - 3. Suppose -2*k + 2 = -2*x, -3*x + 8 = x - k. What are the prime factors of f(x)?
3
Let v = 0 + -2. Let p = -8 - -23. List the prime factors of p - (-2)/(v/2).
13
Suppose -4*l = 132 - 724. List the prime factors of l.
2, 37
Let t(c) be the first derivative of -c**3/3 - 2*c**2 - 3. List the prime factors of t(-2).
2
Suppose 0 = -p - p + 10. Suppose -62 = -p*g - 22. List the prime factors of g.
2
Suppose 15 = 3*f - 3. Suppose 5*r - 71 = 2*o - f*o, 42 = 3*r + 3*o. List the prime factors of r.
3, 5
Suppose 0 = -v + 2*a + 3*a + 24, v - 19 = 4*a. What are the prime factors of -1 - (0 + -26) - v?
2, 13
Suppose -7*t = -2*t - 545. What are the prime factors of t?
109
Let b(m) = m**2 + 10*m + 6. Let d be b(-8). List the prime factors of 3 + (-5)/(d/6).
2, 3
Suppose 3*y - 1 = -31. Let k = y + 23. What are the prime factors of k?
13
Suppose 0 = 4*v - 6 - 50. What are the prime factors of v?
2, 7
Suppose 4*u = 3*p - 14, 2*p - 5*u = 3*p + 8. Let x(i) = 2*i**3 - 3*i**3 + 3*i**3 - i + p. What are the prime factors of x(2)?
2
Suppose 2*o - 741 = -5*l, o + 607 = 3*l + 158. What are the prime factors of l?
149
Let z = 11 - 27. Let u = 26 + z. What are the prime factors of u?
2, 5
Let l(z) be the second derivative of z**5/20 - z**3/6 + z**2/2 + z. List the prime factors of l(3).
5
Suppose -3*h - h + 16 = 0. Suppose -3*w - 3*p = -102, 0 = h*w + 2*p + 3*p - 137. What are the prime factors of w?
3, 11
Let a(s) = -s**3 - 4*s**2 + s + 18. What are the prime factors of a(-7)?
2, 79
Let p be ((-2)/(-3))/((-1)/3). Let z be (-7)/2 - (-3)/p. Let r = z + 14. List the prime factors of r.
3
Suppose -5*p + p + 136 = 0. What are the prime factors of p?
2, 17
Let p(v) = -v**3 - 4*v**2 + 2*v - 4. Let o(z) = 2*z + 5. Let n be o(-5). What are the prime factors of p(n)?
11
Suppose -3*o + 14 = 2*n, -n - 2*n = 2*o - 11. Suppose 3*f = -2*v + 118, f + 123 = o*f + 3*v. Let i = f - 20. List the prime factors of i.
2
Let b(a) = -a**3 - 6*a**2 + 3*a + 6. Let g be b(-8). Suppose -3*v = 2*v - g. What are the prime factors of v?
2, 11
Let o(c) = -5 - 5*c - c**2 + 0*c**2 + 12*c. Let g be o(6). Suppose -2 = -h + g. What are the prime factors of h?
3
Let y = -7 + 74. List the prime factors of y.
67
Let z(s) = s**3 + 6*s**2 + 6*s + 6. List the prime factors of z(-4).
2, 7
Let y(q) = q**3 - 2*q**2 + 3*q. Let a be y(3). List the prime factors of (-297)/a*(-8)/6.
2, 11
Let r = 76 + -41. List the prime factors of r.
5, 7
Let g(w) = -5*w - 2. Let v be g(-4). Suppose 0 = -3*t + v + 45. What are the prime factors of t?
3, 7
List the prime factors of (10/(-4))/((-9)/18).
5
Let a(i) be the second derivative of i**3/6 + 9*i**2/2 + i. Let k be a(-7). Let v = 13 - k. List the prime factors of v.
11
Let m(k) = k - 1. Let j be m(11). Suppose 2 = v, 3*h = v + 3 + j. List the prime factors of h.
5
Suppose -3*v + 44 = v. List the prime factors of v.
11
Suppose -2 = -3*g + 2*g. List the prime factors of (-32)/(-8) + -1*g.
2
Let i = 4 - 2. Suppose -y + 21 = i*y. Let m = -5 + y. What are the prime factors of m?
2
Let d(t) = t - 1. Suppose 3*o = -5*w + w, -3*o = -3*w. Let s be (w - (3 + 0)) + 6. What are the prime factors of d(s)?
2
Let h(l) = -l**3 + l**2 - 10*l + 6. Let d be h(7). List the prime factors of d/(-8) - 9/(-36).
3, 5
Suppose -2*n - 5*j = -3*n + 27, -2*j = 5*n. Suppose 0 = t - n*v - 20 - 8, -2*t - 3*v = -21. List the prime factors of t.
2, 3
Let n(j) = -j**3 + 4*j**2 + 2*j - 4. Let a be n(4). Suppose 75 = a*i + i. What are the prime factors of i?
3, 5
Let s(w) = w**2 + 2*w. Suppose 3*u = 3*n + 12 - 0, 0 = u - 3*n - 2. Suppose -19 = u*c + m, 0 = 5*c + 2*m - 8 + 31. What are the prime factors of s(c)?
3
Let s = 12 + -6. Let t be 2 + 1 - 0/2. Let q = s + t. What are the prime factors of q?
3
List the prime factors of ((-90)/